{"id":142,"date":"2024-05-14T14:52:40","date_gmt":"2024-05-14T12:52:40","guid":{"rendered":"http:\/\/www.stmreflexologie.com\/?page_id=142"},"modified":"2024-05-20T22:32:15","modified_gmt":"2024-05-20T20:32:15","slug":"la-reflexologie-cranio-faciale","status":"publish","type":"page","link":"https:\/\/www.stmreflexologie.com\/index.php\/la-reflexologie-cranio-faciale\/","title":{"rendered":"La r\u00e9flexologie cranio-faciale"},"content":{"rendered":"<p>La r\u00e9flexologie cranio-faciale, c\u2019est un soin d\u2019une heure qui allie douceur, pr\u00e9cision, cocooning, bien-\u00eatre et un maximum de d\u00e9tente.<\/p>\n<p>Il s&rsquo;agit d&rsquo;une m\u00e9thode de digitopression et de lissages cr\u00e2niens et faciaux.<\/p>\n<p>Un soin qui comprend les \u00e9paules, la nuque, la t\u00eate et le visage.<\/p>\n<p>Alliage de zones r\u00e9flexes, de m\u00e9ridiens, de kobido (un peu !) et de massage.<\/p>\n<p>Elle permet un l\u00e2cher-prise, favorise la relaxation profonde et la circulation de l&rsquo;\u00e9nergie.<\/p>\n<p><img loading=\"lazy\" decoding=\"async\" class=\"size-full wp-image-147\" src=\"http:\/\/stmrefs.cluster029.hosting.ovh.net\/wp-content\/uploads\/2024\/05\/IMG_0271.jpg\" alt=\"\" width=\"750\" height=\"769\" srcset=\"https:\/\/www.stmreflexologie.com\/wp-content\/uploads\/2024\/05\/IMG_0271.jpg 750w, https:\/\/www.stmreflexologie.com\/wp-content\/uploads\/2024\/05\/IMG_0271-293x300.jpg 293w\" sizes=\"auto, (max-width: 750px) 100vw, 750px\" \/><\/p>\n<p>&nbsp;<\/p>\n","protected":false},"excerpt":{"rendered":"<p>La r\u00e9flexologie cranio-faciale, c\u2019est un soin d\u2019une heure qui allie douceur, pr\u00e9cision, cocooning, bien-\u00eatre et un maximum de d\u00e9tente. Il s&rsquo;agit d&rsquo;une m\u00e9thode de digitopression et de lissages cr\u00e2niens et &hellip; <\/p>\n","protected":false},"author":1,"featured_media":0,"parent":0,"menu_order":0,"comment_status":"closed","ping_status":"closed","template":"","meta":{"footnotes":""},"class_list":["post-142","page","type-page","status-publish","hentry"],"_links":{"self":[{"href":"https:\/\/www.stmreflexologie.com\/index.php\/wp-json\/wp\/v2\/pages\/142","targetHints":{"allow":["GET"]}}],"collection":[{"href":"https:\/\/www.stmreflexologie.com\/index.php\/wp-json\/wp\/v2\/pages"}],"about":[{"href":"https:\/\/www.stmreflexologie.com\/index.php\/wp-json\/wp\/v2\/types\/page"}],"author":[{"embeddable":true,"href":"https:\/\/www.stmreflexologie.com\/index.php\/wp-json\/wp\/v2\/users\/1"}],"replies":[{"embeddable":true,"href":"https:\/\/www.stmreflexologie.com\/index.php\/wp-json\/wp\/v2\/comments?post=142"}],"version-history":[{"count":4,"href":"https:\/\/www.stmreflexologie.com\/index.php\/wp-json\/wp\/v2\/pages\/142\/revisions"}],"predecessor-version":[{"id":315,"href":"https:\/\/www.stmreflexologie.com\/index.php\/wp-json\/wp\/v2\/pages\/142\/revisions\/315"}],"wp:attachment":[{"href":"https:\/\/www.stmreflexologie.com\/index.php\/wp-json\/wp\/v2\/media?parent=142"}],"curies":[{"name":"wp","href":"https:\/\/api.w.org\/{rel}","templated":true}]}}