{"id":117,"date":"2024-05-13T22:30:00","date_gmt":"2024-05-13T20:30:00","guid":{"rendered":"http:\/\/www.stmreflexologie.com\/?page_id=117"},"modified":"2024-05-20T22:53:44","modified_gmt":"2024-05-20T20:53:44","slug":"me-contacter","status":"publish","type":"page","link":"https:\/\/www.stmreflexologie.com\/index.php\/me-contacter\/","title":{"rendered":"contact"},"content":{"rendered":"<p style=\"text-align: center;\">Prenez rendez-vous, par t\u00e9l\u00e9phone ou par S.M.S<\/p>\n<p style=\"text-align: center;\">07 66 22 65 42<\/p>\n<p style=\"text-align: center;\">ou par e-mail :<\/p>\n<p style=\"text-align: center;\">stephanie.marchive@gmail.com<\/p>\n<p style=\"text-align: center;\">A bient\u00f4t.<\/p>\n","protected":false},"excerpt":{"rendered":"<p>Prenez rendez-vous, par t\u00e9l\u00e9phone ou par S.M.S 07 66 22 65 42 ou par e-mail : stephanie.marchive@gmail.com A bient\u00f4t.<\/p>\n","protected":false},"author":1,"featured_media":0,"parent":0,"menu_order":0,"comment_status":"closed","ping_status":"closed","template":"","meta":{"footnotes":""},"class_list":["post-117","page","type-page","status-publish","hentry"],"_links":{"self":[{"href":"https:\/\/www.stmreflexologie.com\/index.php\/wp-json\/wp\/v2\/pages\/117","targetHints":{"allow":["GET"]}}],"collection":[{"href":"https:\/\/www.stmreflexologie.com\/index.php\/wp-json\/wp\/v2\/pages"}],"about":[{"href":"https:\/\/www.stmreflexologie.com\/index.php\/wp-json\/wp\/v2\/types\/page"}],"author":[{"embeddable":true,"href":"https:\/\/www.stmreflexologie.com\/index.php\/wp-json\/wp\/v2\/users\/1"}],"replies":[{"embeddable":true,"href":"https:\/\/www.stmreflexologie.com\/index.php\/wp-json\/wp\/v2\/comments?post=117"}],"version-history":[{"count":4,"href":"https:\/\/www.stmreflexologie.com\/index.php\/wp-json\/wp\/v2\/pages\/117\/revisions"}],"predecessor-version":[{"id":328,"href":"https:\/\/www.stmreflexologie.com\/index.php\/wp-json\/wp\/v2\/pages\/117\/revisions\/328"}],"wp:attachment":[{"href":"https:\/\/www.stmreflexologie.com\/index.php\/wp-json\/wp\/v2\/media?parent=117"}],"curies":[{"name":"wp","href":"https:\/\/api.w.org\/{rel}","templated":true}]}}